 be t/(-5)*(3 + 7). Give i(h).
4
Let q(u) = 0*u**2 - 2*u**2 - 3 + 2*u + 3*u**2. Let t(s) = -s**2 - 5*s - 5. Let l be t(-4). Let d(w) = 2*w**3 - 1. Let h be d(l). What is q(h)?
0
Let f be 38/14 - (-2)/7. Suppose 3*t = -f*i, -4*t - 10 - 8 = -2*i. Let m(o) = 6 + o**3 + o**2 - 3*o + i*o. Give m(0).
6
Let y = -2 + 5. Suppose 2*r + 1 = -y. Let g(n) be the second derivative of -n**4/12 - 2*n**3/3 - 3*n**2/2 + n. What is g(r)?
1
Let z(v) = 5*v - 3. Let q(t) = 11*t - 6. Let d(a) = -2*q(a) + 5*z(a). Let n be (4/(-3))/(8/(-36)*3). What is d(n)?
3
Let d(i) be the third derivative of -i**5/60 + i**4/6 - 2*i**3/3 + i**2. Let b(f) = -f**2 + 4*f - 5. Let k(w) = 5*b(w) - 6*d(w). What is k(2)?
-5
Suppose u + 6 = 4*u. Suppose -2*v + 5*v = -u*q + 10, -4*q = -4*v. Let w = q - 3. Let t(a) = 3*a**2. Determine t(w).
3
Let g(o) = o**3 + o**2 + 1. Let k = -1 - -3. Suppose 0*v + k = -v. What is g(v)?
-3
Let p(s) = -6*s**2 + 7*s + 6. Let h(u) = 2*u**2 - 2*u - 2. Let t(x) = -7*h(x) - 2*p(x). Give t(2).
-6
Let d(f) be the third derivative of -f**5/30 - f**4/24 + f**3/6 + f**2. What is d(-3)?
-14
Let a(r) = -r**3 + r**2 + 3*r + 4. Suppose 6 = -2*b + 4*b. Let d = -4 - -6. Let f be (1*-3)/(d - b). What is a(f)?
-5
Let q(m) be the second derivative of -m**4/12 - 5*m**3/6 - m. Let p be q(-4). Let u(x) = -x**2 + 6*x - 3. Calculate u(p).
5
Let d be (-6)/9 + 196/(-12). Let x = d - -12. Let h(m) = -m**2 - 4*m + 4. Determine h(x).
-1
Let g = 2 + 3. Suppose -k + g = -6*k. Let h be k/(0 + 3/(-12)). Let x(m) = -m**3 + 3*m**2 + 3*m + 5. What is x(h)?
1
Let o(t) = 50*t**2 - 5 - 29*t**2 - 22*t**2 + 9*t. Determine o(5).
15
Let s(i) = i**2. Let a(p) = 2*p**2 - 6*p - 2. Let c(q) = -a(q) + 3*s(q). Suppose -8*v - 17 - 23 = 0. Give c(v).
-3
Let r(n) = 2*n - 3. Suppose -2*u = 3*g - 7, u - g = -0*g + 1. Let z = u + 1. Suppose 2*a - 10 = -z*a. Give r(a).
1
Let k(q) be the first derivative of -q**2/2 + 13*q + 7. What is k(9)?
4
Let w(m) = 5*m - 7*m + m**2 - 4*m**2. Let c be 2/(-5)*10/2. What is w(c)?
-8
Suppose -3*i - c = i - 16, 5*c = i - 4. Suppose 0*k + 3*k = i*r - 12, -9 = -3*r. Let u(n) = n - 3*n + k + 1. What is u(4)?
-7
Let y(u) be the first derivative of -1/2*u**2 + 0*u**3 - 1 + 1/4*u**4 + 2*u. What is y(2)?
8
Suppose -5*v + 4 - 10 = -3*c, 4*c - 8 = -2*v. Let o be (-2)/6*6/2. Let n be (1 + v)/(o/5). Let p(g) = g**2 + 4*g - 5. Calculate p(n).
0
Let v(a) = -2*a + 7. Let r be (-13)/(-39) + (-28)/(-6). What is v(r)?
-3
Let h(q) = q**2 + 7*q + 6. Let u be (-204)/36 - (-2)/(-6). Give h(u).
0
Let c(h) = -h - 4. Let b(u) = -u**2 + 7*u + 6. Let w be b(8). Let y be c(w). Let o(p) be the first derivative of -p**4/4 + 2*p**2 + 3*p - 1. What is o(y)?
3
Let n(j) = -j**2 + 3*j + 5. Let g be n(5). Let m = g - -1. Let a(v) = v**3 + 4*v**2 + 1. Calculate a(m).
1
Let w(y) = 3*y**3 - 2*y**2 - 4*y - 2. Let k be w(-1). Let b(u) = 3*u**2. Let z be b(-1). Let h(f) = z*f - 1 - 2*f - 3. What is h(k)?
-7
Let z(x) = -x**2 - 5*x**2 + 1 - x - 3*x + 7*x**2. Let f be (0 + -2)*3/(-2). Calculate z(f).
-2
Suppose 5 = b + 6. Let i = b + 4. Let y(t) = -t**2 + 3*t + 1. What is y(i)?
1
Let n = 5 + 0. Let l(w) be the third derivative of -w**5/60 + w**4/12 + 7*w**3/6 + 2*w**2. Determine l(n).
-8
Suppose -2*t = -3 - 5. Let h = -2 + t. Let a(o) = 7*o**2 - 3*o + 4. Let d(v) = -3*v**2 + 2*v - 2. Let b(x) = -2*a(x) - 5*d(x). Calculate b(h).
-2
Let l(v) = v**3 - 3*v**2 + v. Let z = 3 + -1. Give l(z).
-2
Let d(s) = -3*s**3 - 5*s**2 - 3*s + 2. Let c(o) = 4*o**3 + 8*o**2 + 5*o - 3. Let q be 4*3*10/24. Let r(p) = q*c(p) + 8*d(p). What is r(-1)?
4
Suppose -l + 0 = -2. Suppose 4 = r - l*r. Let n(j) be the first derivative of -j**3/3 - 2*j**2 - 2*j + 1. What is n(r)?
-2
Let n(w) = w**2 + 8*w - 5. Let u be n(-9). Let t(x) = 7 - 5*x**2 - 4*x - 3 - x**3 - u. Give t(-3).
-6
Let v(i) = 5*i - 4. Let y be v(2). Suppose 5*n = 11 + 4. Let j(d) = 7*d - 3*d - d - n - 2*d. Calculate j(y).
3
Let m(d) = -d**3 + 8*d**2 - 8*d + 8. Suppose 23*f - 9*f = 98. Give m(f).
1
Let p(j) = j + 7*j**2 + 3*j**3 - 2*j**3 - 13*j**2 - 1. Determine p(6).
5
Let d(a) = -2*a. Let l be (-40)/18 - 2/(-9). Give d(l).
4
Let d(g) = -g**3 + 9*g**2 - 8*g + 10. Suppose -c = -4*j + 35, -2*j - 4*c - 2 + 6 = 0. Calculate d(j).
10
Let h(o) = o**2 - o. Suppose 0 = n + 2*n - 3. Let a(y) = -2*y**2 + 3*y - 1. Let b(k) = n*a(k) + 3*h(k). Determine b(-1).
0
Let x(v) = 6*v + 1. Let f(i) = -6*i - 1. Let a(c) = -3*f(c) - 2*x(c). Calculate a(-1).
-5
Let v(o) be the third derivative of o**6/720 + o**5/120 - 5*o**4/24 + 3*o**2. Let n(t) be the second derivative of v(t). Let c = 4 + -2. What is n(c)?
3
Let l(v) = -21*v + 18. Let r(k) = 11*k - 10. Let a(s) = 6*l(s) + 11*r(s). Calculate a(3).
-17
Let r(y) = -y**3 + 7*y**2 - 5*y - 8. Let f(j) = -j - 3. Let o be f(-7). Let h be o/1 + 4/2. Calculate r(h).
-2
Suppose 3*k - 26 = -b, 3*b - 8 = -2*k + 7*b. Let z(m) = 8 + 0 - k + m. Calculate z(6).
6
Let h(u) = u**3 + u + 3. Let a be h(0). Let x = 7 + -4. Let n(q) = 1 - x*q**2 + q**2 + a*q**2 + 2*q + 2*q**2. Give n(-1).
2
Let a(m) = 1. Let c = 2 + -2. Let p(b) = -1 + c + 2 - 10 + 3*b. Let d(o) = 5*a(o) + p(o). Determine d(3).
5
Let w(y) = y. Let a = 8 - 0. Suppose -f = f + a. Give w(f).
-4
Let x = 17 - 12. Let y(u) = u - 1. Determine y(x).
4
Suppose -3*o = z - 2*z + 12, -z - 2*o - 3 = 0. Let i(d) = 5*d**2 - 8 + z - d**3 + 9*d - 13*d. Suppose 4*q = -16, 3*w - 2*q - 4 = -4*q. What is i(w)?
-5
Let q(t) be the first derivative of -t**4/12 - 2*t**3/3 + 2*t**2 - t + 6. Let m(w) be the first derivative of q(w). Give m(-5).
-1
Let m(o) be the third derivative of o**6/120 + o**5/12 - o**4/24 + o**3/6 + o**2. Suppose 2*j - 8 = 4*g - 3*j, -g + 3*j - 2 = 0. Let i = -7 - g. Calculate m(i).
6
Let q(r) = r - 4. Let h be 1/1*(-6 - -4). What is q(h)?
-6
Suppose 0 = 2*s + s - 12. Suppose 3*l + s*p - 8 = 20, 2*l + 4 = 3*p. Let o(d) = -2*d + 6. Determine o(l).
-2
Suppose -2*w - y = -7, 4*y = 5 + 7. Suppose -1 = -w*v + v. Let h(i) = -i**2 + 1. Let u(d) = -d**2. Let c(j) = -h(j) - 6*u(j). Give c(v).
6
Let p(r) = 3*r. Let z = -31 + 36. Give p(z).
15
Suppose 3*o - 4*v + 3 = 0, -2*v - 2 + 14 = 2*o. Let m = o - 6. Let z(t) = -t**2 - t + 3. Give z(m).
-3
Suppose -2*q - 2 = -4*q. Suppose 3*l = 4*l - q. Let g(o) be the second derivative of o**4/3 - o**3/6 + 4*o. Determine g(l).
3
Let a(z) be the first derivative of -z**5/20 + 5*z**4/12 - 3*z**2 + 8*z - 5. Let m(t) be the first derivative of a(t). Calculate m(5).
-6
Let x(n) = 0*n**2 - 5*n + 4*n + 2*n + n**2. Calculate x(3).
12
Let l(o) = -o**3 - 3*o**2 + 4*o - 3. Let w(b) = -b - 6. Let y be w(-2). Give l(y).
-3
Let b(r) = r**2 - 2*r - 4. Let m = -4 + 2. Let x(f) = -f - 2 + f**2 - f**3 - 2*f**2 - 1 + 1. Let w be x(m). Calculate b(w).
4
Let c(o) = -o + 1. Suppose b = 2*a + 16, 0*a + 4*b = a + 8. Let k = -1 - a. What is c(k)?
-6
Suppose i = -i. Let w(a) be the second derivative of 1/6*a**3 + 5/2*a**2 + 1/20*a**5 + 0*a**4 + 0 - 3*a. What is w(i)?
5
Let p(q) = -2 + 0*q - q + 4*q. Let r(w) = -2*w**2 + 9*w + 29. Let k(y) = -y**2 + 4*y + 15. Let g(t) = -7*k(t) + 4*r(t). Let s be g(9). Calculate p(s).
4
Let l(c) = 2*c + 2*c + c - 8*c**2 - 4*c. Let g = 22 + -21. What is l(g)?
-7
Suppose 3*g = -3 + 21. Let s = -2 + g. Let z(i) = 2*i - 5. Determine z(s).
3
Let d(a) = -a**2 + 3*a + 2. Let m = 117 + -115. Determine d(m).
4
Let k(h) be the second derivative of h**4/12 + h**3/6 - h**2 - h. Suppose 4*w + 4 = 2*z, -10*w + 13*w + 4*z = -25. Determine k(w).
4
Let o(j) = 6*j - 1. Let c(l) = -l - 2. Let s be c(-1). Calculate o(s).
-7
Let o(g) = -7*g + 3. Let w(k) = 22*k - 7. Let h(q) = 21*q - 7. Let b(x) = -7*h(x) + 6*w(x). Let f(a) = 6*b(a) - 14*o(a). What is f(-1)?
-8
Let n = -6 + 7. Let r(d) = d - n + 1 + 2 + 0. What is r(-7)?
-5
Let k(q) = q**3 + 5*q**2 - 5*q + 8. Suppose 81*c = 84*c + 18. Determine k(c).
2
Let a(k) = k**2 + 4*k. Let v be a(-3). Let x(t) = -t - 2. Determine x(v).
1
Let t(f) = f**2 - f + 2. Suppose u - k = -4, 2*k = u - k + 14. Let w = 3 + -2. Let v = u + w. Give t(v).
4
Let q(d) be the first derivative of d**5/60 - d**4/8 - d**3/6 + 5*d**2/2 + 2. Let o(w) be the second derivative of q(w). Determine o(2).
-3
Let g(d) = 2 - 2 + 8 + d + 3. Let c be g(-8). Let u(m) = -m**2 + 2*m + 2. Determine u(c).
-1
Let j(y) = -63 + 30 + 34 + 6*y**2. What is j(1)?
7
Suppose -3*q - 4 = 2. Let x(n) = -n**2 